actors of 241?
241
List the prime factors of 86407.
71, 1217
What are the prime factors of 11172?
2, 3, 7, 19
List the prime factors of 89733.
3, 7, 4273
What are the prime factors of 12350?
2, 5, 13, 19
List the prime factors of 31977.
3, 11, 17, 19
What are the prime factors of 1575?
3, 5, 7
List the prime factors of 1001.
7, 11, 13
List the prime factors of 8881.
83, 107
What are the prime factors of 3203?
3203
List the prime factors of 23425.
5, 937
What are the prime factors of 1936?
2, 11
What are the prime factors of 1166?
2, 11, 53
What are the prime factors of 1925?
5, 7, 11
What are the prime factors of 8095?
5, 1619
List the prime factors of 15382.
2, 7691
List the prime factors of 244.
2, 61
What are the prime factors of 34537?
34537
What are the prime factors of 562?
2, 281
What are the prime factors of 220?
2, 5, 11
List the prime factors of 18644.
2, 59, 79
What are the prime factors of 1268?
2, 317
What are the prime factors of 17365?
5, 23, 151
List the prime factors of 4635.
3, 5, 103
What are the prime factors of 3099?
3, 1033
What are the prime factors of 60524?
2, 15131
List the prime factors of 1334.
2, 23, 29
What are the prime factors of 26910?
2, 3, 5, 13, 23
What are the prime factors of 260?
2, 5, 13
What are the prime factors of 50873?
50873
List the prime factors of 949.
13, 73
List the prime factors of 6096.
2, 3, 127
What are the prime factors of 28768?
2, 29, 31
What are the prime factors of 26455?
5, 11, 13, 37
List the prime factors of 3336.
2, 3, 139
What are the prime factors of 5875?
5, 47
List the prime factors of 714.
2, 3, 7, 17
What are the prime factors of 19680?
2, 3, 5, 41
What are the prime factors of 3160?
2, 5, 79
List the prime factors of 20160.
2, 3, 5, 7
List the prime factors of 829.
829
List the prime factors of 285.
3, 5, 19
What are the prime factors of 31187?
13, 2399
What are the prime factors of 927?
3, 103
List the prime factors of 881.
881
List the prime factors of 11720.
2, 5, 293
What are the prime factors of 261?
3, 29
What are the prime factors of 105509?
105509
What are the prime factors of 104255?
5, 29, 719
What are the prime factors of 3118?
2, 1559
What are the prime factors of 1708?
2, 7, 61
List the prime factors of 5308.
2, 1327
List the prime factors of 1289.
1289
List the prime factors of 4313.
19, 227
What are the prime factors of 2711?
2711
What are the prime factors of 1592?
2, 199
List the prime factors of 27390.
2, 3, 5, 11, 83
List the prime factors of 19705.
5, 7, 563
What are the prime factors of 8842?
2, 4421
List the prime factors of 8428.
2, 7, 43
What are the prime factors of 199?
199
List the prime factors of 154056.
2, 3, 7, 131
What are the prime factors of 501?
3, 167
List the prime factors of 11238.
2, 3, 1873
What are the prime factors of 4994?
2, 11, 227
What are the prime factors of 8379?
3, 7, 19
What are the prime factors of 47857?
47857
What are the prime factors of 128?
2
List the prime factors of 25331.
73, 347
What are the prime factors of 1315?
5, 263
What are the prime factors of 1962?
2, 3, 109
List the prime factors of 1830.
2, 3, 5, 61
What are the prime factors of 24568?
2, 37, 83
What are the prime factors of 65535?
3, 5, 17, 257
List the prime factors of 1137.
3, 379
List the prime factors of 737.
11, 67
What are the prime factors of 1040?
2, 5, 13
What are the prime factors of 21678?
2, 3, 3613
What are the prime factors of 247?
13, 19
List the prime factors of 2638.
2, 1319
List the prime factors of 536.
2, 67
List the prime factors of 3356.
2, 839
List the prime factors of 7953.
3, 11, 241
What are the prime factors of 24158?
2, 47, 257
List the prime factors of 8098.
2, 4049
What are the prime factors of 7478?
2, 3739
List the prime factors of 1206.
2, 3, 67
What are the prime factors of 28578?
2, 3, 11, 433
What are the prime factors of 5672?
2, 709
List the prime factors of 8307.
3, 13, 71
List the prime factors of 21397.
21397
What are the prime factors of 74716?
2, 18679
List the prime factors of 5009.
5009
List the prime factors of 7213.
7213
List the prime factors of 99.
3, 11
What are the prime factors of 74531?
74531
List the prime factors of 7718.
2, 17, 227
What are the prime factors of 55530?
2, 3, 5, 617
What are the prime factors of 2916?
2, 3
What are the prime factors of 23004?
2, 3, 71
List the prime factors of 49464.
2, 3, 229
List the prime factors of 29369.
43, 683
What are the prime factors of 7597?
71, 107
List the prime factors of 41410.
2, 5, 41, 101
List the prime factors of 340.
2, 5, 17
List the prime factors of 7528.
2, 941
What are the prime factors of 2314?
2, 13, 89
What are the prime factors of 65700?
2, 3, 5, 73
List the prime factors of 2465.
5, 17, 29
What are the prime factors of 59532?
2, 3, 11, 41
List the prime factors of 25729.
11, 2339
What are the prime factors of 4898?
2, 31, 79
What are the prime factors of 132?
2, 3, 11
List the prime factors of 2538.
2, 3, 47
What are the prime factors of 18177?
3, 73, 83
List the prime factors of 53584.
2, 17, 197
What are the prime factors of 1316?
2, 7, 47
List the prime factors of 2653.
7, 379
What are the prime factors of 4855?
5, 971
What are the prime factors of 1534?
2, 13, 59
List the prime factors of 341.
11, 31
List the prime factors of 5238.
2, 3, 97
List the prime factors of 3420.
2, 3, 5, 19
What are the prime factors of 1760?
2, 5, 11
List the prime factors of 688.
2, 43
What are the prime factors of 46270?
2, 5, 7, 661
What are the prime factors of 37836?
2, 3, 1051
List the prime factors of 18607.
23, 809
What are the prime factors of 4476?
2, 3, 373
List the prime factors of 3790.
2, 5, 379
List the prime factors of 4558.
2, 43, 53
List the prime factors of 2980.
2, 5, 149
List the prime factors of 9799.
41, 239
List the prime factors of 1632.
2, 3, 17
What are the prime factors of 21320?
2, 5, 13, 41
List the prime factors of 2869.
19, 151
List the prime factors of 345.
3, 5, 23
List the prime factors of 859.
859
List the prime factors of 6464.
2, 101
List the prime factors of 180615.
3, 5, 12041
List the prime factors of 12334.
2, 7, 881
List the prime factors of 87955.
5, 7, 359
List the prime factors of 24280.
2, 5, 607
What are the prime factors of 1025?
5, 41
What are the prime factors of 57442?
2, 7, 11, 373
What are the prime factors of 2046?
2, 3, 11, 31
List the prime factors of 9282.
2, 3, 7, 13, 17
What are the prime factors of 68960?
2, 5, 431
What are the prime factors of 5873?
7, 839
List the prime factors of 1079.
13, 83
What are the prime factors of 108025?
5, 29, 149
List the prime factors of 26389.
11, 2399
List the prime factors of 750.
2, 3, 5
List the prime factors of 21279.
3, 41, 173
What are the prime factors of 765?
3, 5, 17
What are the prime factors of 377?
13, 29
What are the prime factors of 1609?
1609
List the prime factors of 9988.
2, 11, 227
List the prime factors of 6282.
2, 3, 349
List the prime factors of 18753.
3, 7, 19, 47
What are the prime factors of 11741?
59, 199
List the prime factors of 5510.
2, 5, 19, 29
List the prime factors of 9925.
5, 397
List the prime factors of 11045.
5, 47
What are the prime factors of 73914?
2, 3, 97, 127
List the prime factors of 39609.
3, 163
What are the prime factors of 7477?
7477
List the prime factors of 16216.
2, 2027
List the prime factors of 8144.
2, 509
What are the prime factors of 1505?
5, 7, 43
What are the prime factors of 44524?
2, 11131
List the prime factors of 620.
2, 5, 31
List the prime factors of 2643.
3, 881
What are the prime factors of 26597?
26597
List the prime factors of 15679.
15679
What are the prime factors of 12878?
2, 47, 137
List the prime factors of 3194.
2, 1597
List the prime factors of 1882.
2, 941
What are the prime factors of 3638?
2, 17, 107
What are the prime factors of 8634?
2, 3, 1439
List the prime factors of 9954.
2, 3, 7, 79
List the prime factors of 4489.
67
List the prime factors of 127777.
13, 9829
What are the prime factors of 10625?
5, 17
List the prime factors of 98691.
3, 67, 491
What are the prime factors of 20?
2, 5
List the prime factors of 9777.
3, 3259
What are the prime factors of 752?
2, 47
List the prime factors of 3007.
31, 97
List the prime factors of 98964.
2, 3, 2749
List the prime factors of 14728.
2